{"id":1242,"date":"2016-06-08T14:16:22","date_gmt":"2016-06-08T12:16:22","guid":{"rendered":"http:\/\/duerp.com\/?page_id=1242"},"modified":"2016-06-08T14:18:48","modified_gmt":"2016-06-08T12:18:48","slug":"boulanger-patissier","status":"publish","type":"page","link":"https:\/\/www.duerp.com\/en\/boulanger-patissier\/","title":{"rendered":"(Fran\u00e7ais) Boulanger P\u00e2tissier"},"content":{"rendered":"<p class=\"qtranxs-available-languages-message qtranxs-available-languages-message-en\">Sorry, this entry is only available in <a href=\"https:\/\/www.duerp.com\/fr\/wp-json\/wp\/v2\/pages\/1242\" class=\"qtranxs-available-language-link qtranxs-available-language-link-fr\" title=\"Fran\u00e7ais\">French<\/a>. For the sake of viewer convenience, the content is shown below in the alternative language. You may click the link to switch the active language.<\/p><p>Document Unique Boulangerie Patisserie<\/p>\n<p>Quel pourrait \u00eatre le comble du boulanger ? \u00catre allergique \u00e0 la farine ! Si aucun moyen de pr\u00e9vention n\u2019est mis en place \u00e0 temps, le boulanger p\u00e2tisser expos\u00e9 en permanence aux poussi\u00e8res de farine, peut \u00e0 terme d\u00e9velopper des allergies respiratoires professionnelles. N\u2019attendez plus pour responsabiliser vos salari\u00e9s et pr\u00e9venir des risques auxquels ils sont expos\u00e9s gr\u00e2ce au logiciel DUERP.<\/p>","protected":false},"excerpt":{"rendered":"<p>Sorry, this entry is only available in French. For the sake of viewer convenience, the content is shown below in the alternative language. You may click the link to switch the active language.Document Unique Boulangerie Patisserie Quel pourrait \u00eatre le comble du boulanger ? \u00catre allergique \u00e0 la farine ! Si aucun moyen de pr\u00e9vention&hellip;<\/p>\n","protected":false},"author":1,"featured_media":0,"parent":0,"menu_order":0,"comment_status":"closed","ping_status":"closed","template":"","meta":[],"_links":{"self":[{"href":"https:\/\/www.duerp.com\/en\/wp-json\/wp\/v2\/pages\/1242"}],"collection":[{"href":"https:\/\/www.duerp.com\/en\/wp-json\/wp\/v2\/pages"}],"about":[{"href":"https:\/\/www.duerp.com\/en\/wp-json\/wp\/v2\/types\/page"}],"author":[{"embeddable":true,"href":"https:\/\/www.duerp.com\/en\/wp-json\/wp\/v2\/users\/1"}],"replies":[{"embeddable":true,"href":"https:\/\/www.duerp.com\/en\/wp-json\/wp\/v2\/comments?post=1242"}],"version-history":[{"count":1,"href":"https:\/\/www.duerp.com\/en\/wp-json\/wp\/v2\/pages\/1242\/revisions"}],"predecessor-version":[{"id":1244,"href":"https:\/\/www.duerp.com\/en\/wp-json\/wp\/v2\/pages\/1242\/revisions\/1244"}],"wp:attachment":[{"href":"https:\/\/www.duerp.com\/en\/wp-json\/wp\/v2\/media?parent=1242"}],"curies":[{"name":"wp","href":"https:\/\/api.w.org\/{rel}","templated":true}]}}

(Français) Boulanger Pâtissier

<p class="qtranxs-available-languages-message qtranxs-available-languages-message-en">Sorry, this entry is only available in <a href="https://www.duerp.com/fr/wp-json/wp/v2/pages/1242" class="qtranxs-available-language-link qtranxs-available-language-link-fr" title="Français">French</a>. For the sake of viewer convenience, the content is shown below in the alternative language. You may click the link to switch the active language.</p><p>Document Unique Boulangerie Patisserie</p>
<p>Quel pourrait être le comble du boulanger ? Être allergique à la farine ! Si aucun moyen de prévention n’est mis en place à temps, le boulanger pâtisser exposé en permanence aux poussières de farine, peut à terme développer des allergies respiratoires professionnelles. N’attendez plus pour responsabiliser vos salariés et prévenir des risques auxquels ils sont exposés grâce au logiciel DUERP.</p>

<p>Sorry, this entry is only available in French. For the sake of viewer convenience, the content is shown below in the alternative language. You may click the link to switch the active language.Document Unique Boulangerie Patisserie Quel pourrait être le comble du boulanger ? Être allergique à la farine ! Si aucun moyen de prévention&hellip;</p>
