{"id":1381,"date":"2016-06-10T13:34:52","date_gmt":"2016-06-10T11:34:52","guid":{"rendered":"http:\/\/duerp.com\/?page_id=1381"},"modified":"2016-06-10T13:34:52","modified_gmt":"2016-06-10T11:34:52","slug":"fiches-individuelles-de-prevention-des-expositions-a-la-penibilite-fipex","status":"publish","type":"page","link":"https:\/\/www.duerp.com\/en\/fiches-individuelles-de-prevention-des-expositions-a-la-penibilite-fipex\/","title":{"rendered":"(Fran\u00e7ais) Fiches individuelles de pr\u00e9vention des expositions \u00e0 la p\u00e9nibilit\u00e9 (FIPEX)"},"content":{"rendered":"<p class=\"qtranxs-available-languages-message qtranxs-available-languages-message-en\">Sorry, this entry is only available in <a href=\"https:\/\/www.duerp.com\/fr\/wp-json\/wp\/v2\/pages\/1381\" class=\"qtranxs-available-language-link qtranxs-available-language-link-fr\" title=\"Fran\u00e7ais\">French<\/a>. For the sake of viewer convenience, the content is shown below in the alternative language. You may click the link to switch the active language.<\/p><p>[vc_row][vc_column][vc_column_text]La p\u00e9nibilit\u00e9 au travail est caract\u00e9ris\u00e9e par une exposition \u00e0 un ou plusieurs facteurs de risques professionnels susceptibles de laisser des traces durables, identifiables et irr\u00e9versibles sur la sant\u00e9. Depuis le 1er f\u00e9vrier 2012, toute exposition d\u2019un salari\u00e9 \u00e0 un ou plusieurs facteurs de p\u00e9nibilit\u00e9 doit \u00eatre consign\u00e9e dans une fiche de pr\u00e9vention des expositions appel\u00e9e \u00e9galement Fiche individuelle d&#8217;exposition. Ce document qui comporte un certain nombre de mentions obligatoires doit \u00eatre actualis\u00e9 et consign\u00e9 dans le dossier m\u00e9dical des salari\u00e9s. Il est important de rappeler que la notion de p\u00e9nibilit\u00e9 au travail ne se substitue pas avec celle du risque professionnel. M\u00eame si l\u2019employeur n\u2019identifie pas dans son entreprise des facteurs de p\u00e9nibilit\u00e9 (d\u00e9finis \u00e0 l\u2019article D. 4121-3-1 du Code du travail), il a cependant une obligation g\u00e9n\u00e9rale de s\u00e9curit\u00e9 vis-\u00e0-vis de ses salari\u00e9s : il doit donc \u00e9valuer tous les risques professionnels et prendre les mesures de pr\u00e9vention appropri\u00e9es (article L. 4121-1 et suivants du Code du travail).[\/vc_column_text][vc_single_image image=&#8221;1383&#8243; img_size=&#8221;large&#8221; alignment=&#8221;center&#8221;][\/vc_column][\/vc_row]<\/p>","protected":false},"excerpt":{"rendered":"<p>Sorry, this entry is only available in French. For the sake of viewer convenience, the content is shown below in the alternative language. You may click the link to switch the active language.[vc_row][vc_column][vc_column_text]La p\u00e9nibilit\u00e9 au travail est caract\u00e9ris\u00e9e par une exposition \u00e0 un ou plusieurs facteurs de risques professionnels susceptibles de laisser des traces durables,&hellip;<\/p>\n","protected":false},"author":1,"featured_media":0,"parent":0,"menu_order":0,"comment_status":"closed","ping_status":"closed","template":"","meta":[],"_links":{"self":[{"href":"https:\/\/www.duerp.com\/en\/wp-json\/wp\/v2\/pages\/1381"}],"collection":[{"href":"https:\/\/www.duerp.com\/en\/wp-json\/wp\/v2\/pages"}],"about":[{"href":"https:\/\/www.duerp.com\/en\/wp-json\/wp\/v2\/types\/page"}],"author":[{"embeddable":true,"href":"https:\/\/www.duerp.com\/en\/wp-json\/wp\/v2\/users\/1"}],"replies":[{"embeddable":true,"href":"https:\/\/www.duerp.com\/en\/wp-json\/wp\/v2\/comments?post=1381"}],"version-history":[{"count":1,"href":"https:\/\/www.duerp.com\/en\/wp-json\/wp\/v2\/pages\/1381\/revisions"}],"predecessor-version":[{"id":1384,"href":"https:\/\/www.duerp.com\/en\/wp-json\/wp\/v2\/pages\/1381\/revisions\/1384"}],"wp:attachment":[{"href":"https:\/\/www.duerp.com\/en\/wp-json\/wp\/v2\/media?parent=1381"}],"curies":[{"name":"wp","href":"https:\/\/api.w.org\/{rel}","templated":true}]}}

(Français) Fiches individuelles de prévention des expositions à la pénibilité (FIPEX)

<p class="qtranxs-available-languages-message qtranxs-available-languages-message-en">Sorry, this entry is only available in <a href="https://www.duerp.com/fr/wp-json/wp/v2/pages/1381" class="qtranxs-available-language-link qtranxs-available-language-link-fr" title="Français">French</a>. For the sake of viewer convenience, the content is shown below in the alternative language. You may click the link to switch the active language.</p><p>[vc_row][vc_column][vc_column_text]La pénibilité au travail est caractérisée par une exposition à un ou plusieurs facteurs de risques professionnels susceptibles de laisser des traces durables, identifiables et irréversibles sur la santé. Depuis le 1er février 2012, toute exposition d’un salarié à un ou plusieurs facteurs de pénibilité doit être consignée dans une fiche de prévention des expositions appelée également Fiche individuelle d&#8217;exposition. Ce document qui comporte un certain nombre de mentions obligatoires doit être actualisé et consigné dans le dossier médical des salariés. Il est important de rappeler que la notion de pénibilité au travail ne se substitue pas avec celle du risque professionnel. Même si l’employeur n’identifie pas dans son entreprise des facteurs de pénibilité (définis à l’article D. 4121-3-1 du Code du travail), il a cependant une obligation générale de sécurité vis-à-vis de ses salariés : il doit donc évaluer tous les risques professionnels et prendre les mesures de prévention appropriées (article L. 4121-1 et suivants du Code du travail).[/vc_column_text][vc_single_image image=&#8221;1383&#8243; img_size=&#8221;large&#8221; alignment=&#8221;center&#8221;][/vc_column][/vc_row]</p>

<p>Sorry, this entry is only available in French. For the sake of viewer convenience, the content is shown below in the alternative language. You may click the link to switch the active language.[vc_row][vc_column][vc_column_text]La pénibilité au travail est caractérisée par une exposition à un ou plusieurs facteurs de risques professionnels susceptibles de laisser des traces durables,&hellip;</p>
