{"id":1418,"date":"2016-06-10T14:06:23","date_gmt":"2016-06-10T12:06:23","guid":{"rendered":"http:\/\/duerp.com\/?page_id=1418"},"modified":"2016-06-10T14:06:23","modified_gmt":"2016-06-10T12:06:23","slug":"le-protocole-de-securite-pour-les-operations-de-chargement-et-dechargement","status":"publish","type":"page","link":"https:\/\/www.duerp.com\/en\/le-protocole-de-securite-pour-les-operations-de-chargement-et-dechargement\/","title":{"rendered":"(Fran\u00e7ais) Le protocole de s\u00e9curit\u00e9 pour les op\u00e9rations de chargement et d\u00e9chargement"},"content":{"rendered":"<p class=\"qtranxs-available-languages-message qtranxs-available-languages-message-en\">Sorry, this entry is only available in <a href=\"https:\/\/www.duerp.com\/fr\/wp-json\/wp\/v2\/pages\/1418\" class=\"qtranxs-available-language-link qtranxs-available-language-link-fr\" title=\"Fran\u00e7ais\">French<\/a>. For the sake of viewer convenience, the content is shown below in the alternative language. You may click the link to switch the active language.<\/p><p>[vc_row][vc_column][vc_column_text]Les op\u00e9rations de chargement ou de d\u00e9chargement, font l&#8217;objet d&#8217;un document \u00e9crit, dit \u00ab protocole de s\u00e9curit\u00e9 \u00bb, rempla\u00e7ant le plan de pr\u00e9vention. Le protocole de s\u00e9curit\u00e9 comprend les informations utiles \u00e0 l&#8217;\u00e9valuation des risques de toute nature g\u00e9n\u00e9r\u00e9s par l&#8217;op\u00e9ration ainsi que les mesures de pr\u00e9vention et de s\u00e9curit\u00e9 \u00e0 observer \u00e0 chacune des phases de sa r\u00e9alisation.<\/p>\n<h3><strong><u>Question 1 : Je suis une entreprise d&#8217;accueil, dois-je \u00e9tablir un protocole de s\u00e9curit\u00e9 ?<\/u><\/strong><\/h3>\n<p>Le protocole de s\u00e9curit\u00e9 est obligatoire d\u00e8s qu&#8217;une entreprise d&#8217;accueil fait entrer un v\u00e9hicule d&#8217;une entreprise de transport de marchandises (quelle que soit sa taille) en vue d&#8217;une op\u00e9ration de chargement ou de d\u00e9chargement (entr\u00e9e dans l\u2019entreprise, circulation, stationnement, manutention\u2026) quel que soit le type de marchandises, le tonnage et la nature de l&#8217;intervention. (Article R. 4515-4 et suivants du Code du travail).<\/p>\n<h3><strong><u>Question 2 : Comment doit-il \u00eatre \u00e9tabli ?<\/u><\/strong><\/h3>\n<p>Le protocole de s\u00e9curit\u00e9 est un document \u00e9crit, \u00e9tabli conjointement entre l&#8217;entreprise d&#8217;accueil et le transporteur. Il comporte toutes les indications et informations d\u00e9coulant de l&#8217;analyse pr\u00e9alable des risques li\u00e9s aux op\u00e9rations de chargement et d\u00e9chargement.<\/p>\n<p>Il incombe \u00e0 l&#8217;entreprise d\u2019accueil d&#8217;indiquer :<\/p>\n<ul>\n<li>Les consignes de s\u00e9curit\u00e9 interne ;<\/li>\n<li>Le lieu de livraison ou de prise en charge ;<\/li>\n<li>Le plan de circulation<\/li>\n<li>Les moyens de secours en cas d\u2019accident ou d\u2019incident ;<\/li>\n<li>Les mat\u00e9riels de manutention utilis\u00e9s ;<\/li>\n<li>L\u2019identit\u00e9 du responsable.<\/li>\n<\/ul>\n<p>Et au transporteur de pr\u00e9ciser :<\/p>\n<ul>\n<li>Les caract\u00e9ristiques du v\u00e9hicule, son am\u00e9nagement et ses \u00e9quipements ;<\/li>\n<li>La nature et le conditionnement de la marchandise ;<\/li>\n<li>Les pr\u00e9cautions et les suj\u00e9tions particuli\u00e8res r\u00e9sultant de la nature des substances ou des produits transport\u00e9s.<\/li>\n<\/ul>\n<p>Un exemplaire de chaque protocole, dat\u00e9 et sign\u00e9, doit \u00eatre tenu \u00e0 disposition des comit\u00e9s d\u2019hygi\u00e8ne et de s\u00e9curit\u00e9 des diff\u00e9rentes entreprises concern\u00e9es (transporteur, entreprise d&#8217;accueil\u2026.) et de la DIRECCTE.<\/p>\n<h3><strong><u>Question 3 : Quelles sanctions encourent les entreprises en cas de d\u00e9faut de protocole de s\u00e9curit\u00e9 ?<\/u><\/strong><\/h3>\n<p>Conform\u00e9ment aux dispositions de l\u2019article L 4741-1 du Code du travail, le d\u00e9faut de protocole est un d\u00e9lit puni d\u2019une amende de 3750 euros.<\/p>\n<p>En outre, l&#8217;insuffisance ou l\u2019absence de protocole de s\u00e9curit\u00e9 pourra entrainer, le cas \u00e9ch\u00e9ant, des poursuites p\u00e9nales pour homicide ou blessures involontaires tant \u00e0 l&#8217;encontre de l&#8217;entreprise d&#8217;accueil que du transporteur en cas de survenance d&#8217;un accident du travail.<\/p>\n<p>En effet, l&#8217;article 222-19 alin\u00e9a 1 du Code P\u00e9nal, sanctionne &#8220;de deux ans d\u2019emprisonnement et de 30 000 euros d\u2019amende le fait de causer \u00e0 autrui, une incapacit\u00e9 totale de travail pendant plus de trois mois, par maladresse, imprudence, inattention, n\u00e9gligence, ou manquement \u00e0 une obligation de prudence ou de s\u00e9curit\u00e9&#8221;.<\/p>\n<h3><strong><u>Question 4 : un salari\u00e9 d&#8217;une entreprise d&#8217;accueil d\u00e9c\u00e8de suite \u00e0 une colision avec un camion d&#8217;une soci\u00e9t\u00e9 de tranport : quels sont les risques de condamnations, sachant qu&#8217;aucun protocole ni plan de circulation n&#8217;ont \u00e9t\u00e9 r\u00e9dig\u00e9s ?<\/u><\/strong><\/h3>\n<p>Un salari\u00e9 d&#8217;une soci\u00e9t\u00e9 viticole est d\u00e9c\u00e9d\u00e9 au cours de la collision survenue sur le site de l&#8217;entreprise d&#8217;accueil entre le tracteur qu&#8217;il pilotait et un camion conduit par un salari\u00e9 de la soci\u00e9t\u00e9 de transport de marchandises qui effectuait une op\u00e9ration de chargement\/d\u00e9chargement.<\/p>\n<p>Le directeur des op\u00e9rations de la soci\u00e9t\u00e9 viticole a \u00e9t\u00e9 cit\u00e9 devant le tribunal correctionnel, par violation manifestement d\u00e9lib\u00e9r\u00e9e d&#8217;une obligation de prudence ou de s\u00e9curit\u00e9 impos\u00e9e par la loi ou le r\u00e8glement, pour avoir omis d&#8217;\u00e9tablir un protocole de s\u00e9curit\u00e9 avec la soci\u00e9t\u00e9 de transport de marchandise et pour avoir utilis\u00e9 un plan de circulation dans l&#8217;entreprise insuffisant, incomplet et inadapt\u00e9.<\/p>\n<p>Le directeur des op\u00e9rations a \u00e9t\u00e9 condamn\u00e9 par le tribunal \u00e0 un an d&#8217;emprisonnement avec sursis et 15 000 euros d&#8217;amende.<\/p>\n<p>Les faits reproch\u00e9s sont les suivants :<\/p>\n<ul>\n<li>Il appartenait \u00e0 l&#8217;entreprise d&#8217;accueil de mettre en place un protocole de s\u00e9curit\u00e9 avec chaque entreprise de transport ainsi qu&#8217;avec chacune des entreprises sous-traitantes, intervenant sur le site d&#8217;accueil<\/li>\n<li>Le plan de circulation doit \u00eatre clairement d\u00e9fini<\/li>\n<li>L&#8217;ensemble des flux de circulation doivent \u00eatre r\u00e9pertori\u00e9<\/li>\n<li>Les r\u00e8gles de circulation et de priorit\u00e9 entre les camions et les autres engins circulant sur la zone doivent \u00eatres \u00e9tablies<\/li>\n<li>Les panneaux de circulation doivent \u00eatre affich\u00e9s<\/li>\n<li>Le marquage des zones de stationnement doit \u00eatre conforme \u00e0 celui existant sur le terrain<\/li>\n<li>les voies de circulation pour le personnel et les v\u00e9hicules et engins de toute nature doivent \u00eatres mat\u00e9rialis\u00e9es<\/li>\n<li>L&#8217;entreprise d&#8217;accueil doit faire respecter le plan de circulation<\/li>\n<\/ul>\n<p>Lien vers l&#8217;article \u00e9manant de la Cour de cassation, criminelle, Chambre criminelle du 8 avril 2014, 12-87.841[\/vc_column_text][\/vc_column][\/vc_row]<\/p>","protected":false},"excerpt":{"rendered":"<p>Sorry, this entry is only available in French. For the sake of viewer convenience, the content is shown below in the alternative language. You may click the link to switch the active language.[vc_row][vc_column][vc_column_text]Les op\u00e9rations de chargement ou de d\u00e9chargement, font l&#8217;objet d&#8217;un document \u00e9crit, dit \u00ab protocole de s\u00e9curit\u00e9 \u00bb, rempla\u00e7ant le plan de pr\u00e9vention.&hellip;<\/p>\n","protected":false},"author":1,"featured_media":0,"parent":0,"menu_order":0,"comment_status":"closed","ping_status":"closed","template":"","meta":[],"_links":{"self":[{"href":"https:\/\/www.duerp.com\/en\/wp-json\/wp\/v2\/pages\/1418"}],"collection":[{"href":"https:\/\/www.duerp.com\/en\/wp-json\/wp\/v2\/pages"}],"about":[{"href":"https:\/\/www.duerp.com\/en\/wp-json\/wp\/v2\/types\/page"}],"author":[{"embeddable":true,"href":"https:\/\/www.duerp.com\/en\/wp-json\/wp\/v2\/users\/1"}],"replies":[{"embeddable":true,"href":"https:\/\/www.duerp.com\/en\/wp-json\/wp\/v2\/comments?post=1418"}],"version-history":[{"count":2,"href":"https:\/\/www.duerp.com\/en\/wp-json\/wp\/v2\/pages\/1418\/revisions"}],"predecessor-version":[{"id":3054,"href":"https:\/\/www.duerp.com\/en\/wp-json\/wp\/v2\/pages\/1418\/revisions\/3054"}],"wp:attachment":[{"href":"https:\/\/www.duerp.com\/en\/wp-json\/wp\/v2\/media?parent=1418"}],"curies":[{"name":"wp","href":"https:\/\/api.w.org\/{rel}","templated":true}]}}

(Français) Le protocole de sécurité pour les opérations de chargement et déchargement

<p class="qtranxs-available-languages-message qtranxs-available-languages-message-en">Sorry, this entry is only available in <a href="https://www.duerp.com/fr/wp-json/wp/v2/pages/1418" class="qtranxs-available-language-link qtranxs-available-language-link-fr" title="Français">French</a>. For the sake of viewer convenience, the content is shown below in the alternative language. You may click the link to switch the active language.</p><p>[vc_row][vc_column][vc_column_text]Les opérations de chargement ou de déchargement, font l&#8217;objet d&#8217;un document écrit, dit « protocole de sécurité », remplaçant le plan de prévention. Le protocole de sécurité comprend les informations utiles à l&#8217;évaluation des risques de toute nature générés par l&#8217;opération ainsi que les mesures de prévention et de sécurité à observer à chacune des phases de sa réalisation.</p>
<h3><strong><u>Question 1 : Je suis une entreprise d&#8217;accueil, dois-je établir un protocole de sécurité ?</u></strong></h3>
<p>Le protocole de sécurité est obligatoire dès qu&#8217;une entreprise d&#8217;accueil fait entrer un véhicule d&#8217;une entreprise de transport de marchandises (quelle que soit sa taille) en vue d&#8217;une opération de chargement ou de déchargement (entrée dans l’entreprise, circulation, stationnement, manutention…) quel que soit le type de marchandises, le tonnage et la nature de l&#8217;intervention. (Article R. 4515-4 et suivants du Code du travail).</p>
<h3><strong><u>Question 2 : Comment doit-il être établi ?</u></strong></h3>
<p>Le protocole de sécurité est un document écrit, établi conjointement entre l&#8217;entreprise d&#8217;accueil et le transporteur. Il comporte toutes les indications et informations découlant de l&#8217;analyse préalable des risques liés aux opérations de chargement et déchargement.</p>
<p>Il incombe à l&#8217;entreprise d’accueil d&#8217;indiquer :</p>
<ul>
<li>Les consignes de sécurité interne ;</li>
<li>Le lieu de livraison ou de prise en charge ;</li>
<li>Le plan de circulation</li>
<li>Les moyens de secours en cas d’accident ou d’incident ;</li>
<li>Les matériels de manutention utilisés ;</li>
<li>L’identité du responsable.</li>
</ul>
<p>Et au transporteur de préciser :</p>
<ul>
<li>Les caractéristiques du véhicule, son aménagement et ses équipements ;</li>
<li>La nature et le conditionnement de la marchandise ;</li>
<li>Les précautions et les sujétions particulières résultant de la nature des substances ou des produits transportés.</li>
</ul>
<p>Un exemplaire de chaque protocole, daté et signé, doit être tenu à disposition des comités d’hygiène et de sécurité des différentes entreprises concernées (transporteur, entreprise d&#8217;accueil….) et de la DIRECCTE.</p>
<h3><strong><u>Question 3 : Quelles sanctions encourent les entreprises en cas de défaut de protocole de sécurité ?</u></strong></h3>
<p>Conformément aux dispositions de l’article L 4741-1 du Code du travail, le défaut de protocole est un délit puni d’une amende de 3750 euros.</p>
<p>En outre, l&#8217;insuffisance ou l’absence de protocole de sécurité pourra entrainer, le cas échéant, des poursuites pénales pour homicide ou blessures involontaires tant à l&#8217;encontre de l&#8217;entreprise d&#8217;accueil que du transporteur en cas de survenance d&#8217;un accident du travail.</p>
<p>En effet, l&#8217;article 222-19 alinéa 1 du Code Pénal, sanctionne &#8220;de deux ans d’emprisonnement et de 30 000 euros d’amende le fait de causer à autrui, une incapacité totale de travail pendant plus de trois mois, par maladresse, imprudence, inattention, négligence, ou manquement à une obligation de prudence ou de sécurité&#8221;.</p>
<h3><strong><u>Question 4 : un salarié d&#8217;une entreprise d&#8217;accueil décède suite à une colision avec un camion d&#8217;une société de tranport : quels sont les risques de condamnations, sachant qu&#8217;aucun protocole ni plan de circulation n&#8217;ont été rédigés ?</u></strong></h3>
<p>Un salarié d&#8217;une société viticole est décédé au cours de la collision survenue sur le site de l&#8217;entreprise d&#8217;accueil entre le tracteur qu&#8217;il pilotait et un camion conduit par un salarié de la société de transport de marchandises qui effectuait une opération de chargement/déchargement.</p>
<p>Le directeur des opérations de la société viticole a été cité devant le tribunal correctionnel, par violation manifestement délibérée d&#8217;une obligation de prudence ou de sécurité imposée par la loi ou le règlement, pour avoir omis d&#8217;établir un protocole de sécurité avec la société de transport de marchandise et pour avoir utilisé un plan de circulation dans l&#8217;entreprise insuffisant, incomplet et inadapté.</p>
<p>Le directeur des opérations a été condamné par le tribunal à un an d&#8217;emprisonnement avec sursis et 15 000 euros d&#8217;amende.</p>
<p>Les faits reprochés sont les suivants :</p>
<ul>
<li>Il appartenait à l&#8217;entreprise d&#8217;accueil de mettre en place un protocole de sécurité avec chaque entreprise de transport ainsi qu&#8217;avec chacune des entreprises sous-traitantes, intervenant sur le site d&#8217;accueil</li>
<li>Le plan de circulation doit être clairement défini</li>
<li>L&#8217;ensemble des flux de circulation doivent être répertorié</li>
<li>Les règles de circulation et de priorité entre les camions et les autres engins circulant sur la zone doivent êtres établies</li>
<li>Les panneaux de circulation doivent être affichés</li>
<li>Le marquage des zones de stationnement doit être conforme à celui existant sur le terrain</li>
<li>les voies de circulation pour le personnel et les véhicules et engins de toute nature doivent êtres matérialisées</li>
<li>L&#8217;entreprise d&#8217;accueil doit faire respecter le plan de circulation</li>
</ul>
<p>Lien vers l&#8217;article émanant de la Cour de cassation, criminelle, Chambre criminelle du 8 avril 2014, 12-87.841[/vc_column_text][/vc_column][/vc_row]</p>

<p>Sorry, this entry is only available in French. For the sake of viewer convenience, the content is shown below in the alternative language. You may click the link to switch the active language.[vc_row][vc_column][vc_column_text]Les opérations de chargement ou de déchargement, font l&#8217;objet d&#8217;un document écrit, dit « protocole de sécurité », remplaçant le plan de prévention.&hellip;</p>
