{"id":1436,"date":"2016-06-10T14:14:51","date_gmt":"2016-06-10T12:14:51","guid":{"rendered":"http:\/\/duerp.com\/?page_id=1436"},"modified":"2022-02-18T18:02:00","modified_gmt":"2022-02-18T17:02:00","slug":"a-quoi-sert-le-programme-annuel-de-prevention-des-risques-professionnels","status":"publish","type":"page","link":"https:\/\/www.duerp.com\/en\/a-quoi-sert-le-programme-annuel-de-prevention-des-risques-professionnels\/","title":{"rendered":"(Fran\u00e7ais) A quoi sert le programme annuel de pr\u00e9vention des risques professionnels ?"},"content":{"rendered":"<p class=\"qtranxs-available-languages-message qtranxs-available-languages-message-en\">Sorry, this entry is only available in <a href=\"https:\/\/www.duerp.com\/fr\/wp-json\/wp\/v2\/pages\/1436\" class=\"qtranxs-available-language-link qtranxs-available-language-link-fr\" title=\"Fran\u00e7ais\">French<\/a>. For the sake of viewer convenience, the content is shown below in the alternative language. You may click the link to switch the active language.<\/p><p><strong>Question <\/strong>: A quoi sert le programme annuel de pr\u00e9vention des risques professionnels ou PAPRIPACT ?<\/p>\n<p><strong>R\u00e9ponse<\/strong> : Le document unique doit notamment contribuer \u00e0 l\u2019\u00e9laboration du plan d&#8217;action ou du programme annuel de pr\u00e9vention des risques professionnels et d\u2019am\u00e9lioration des conditions de travail, lequel fixe la liste d\u00e9taill\u00e9e des mesures \u00e0 prendre au cours de l\u2019ann\u00e9e \u00e0 venir en mati\u00e8re de protection des salari\u00e9s et d\u2019am\u00e9lioration des conditions de travail (mise en \u0153uvre de formations, changement d\u2019\u00e9quipement\u2026).<\/p>\n<p>Ce programme, ainsi que le rapport \u00e9crit sur le bilan de la situation g\u00e9n\u00e9rale en mati\u00e8re d\u2019hygi\u00e8ne, de s\u00e9curit\u00e9 et des conditions de travail et concernant les actions men\u00e9es au cours de l\u2019ann\u00e9e \u00e9coul\u00e9e, est pr\u00e9sent\u00e9 au moins une fois par an au CSE.<\/p>\n<p><strong>Rappel\u00a0<\/strong><b>r\u00e9glementaire<\/b> : la loi du 2 ao\u00fbt 2021 qui r\u00e9forme la sant\u00e9 et la s\u00e9curit\u00e9 au travail en France a renforcer le document unique pour les entreprises de moins de 50 salari\u00e9s (plan d&#8217;action de pr\u00e9vention obligatoire) et les entreprises d&#8217;au moins 50 salari\u00e9s (programme annuel de pr\u00e9vention). La mise en application de cette loi est fix\u00e9e en date du 31 mars 2022 par d\u00e9cret.<\/p>\n<p>&nbsp;<\/p>\n<p>&nbsp;<\/p>","protected":false},"excerpt":{"rendered":"<p>Sorry, this entry is only available in French. For the sake of viewer convenience, the content is shown below in the alternative language. You may click the link to switch the active language.Question : A quoi sert le programme annuel de pr\u00e9vention des risques professionnels ou PAPRIPACT ? R\u00e9ponse : Le document unique doit notamment&hellip;<\/p>\n","protected":false},"author":1,"featured_media":0,"parent":0,"menu_order":0,"comment_status":"closed","ping_status":"closed","template":"","meta":[],"_links":{"self":[{"href":"https:\/\/www.duerp.com\/en\/wp-json\/wp\/v2\/pages\/1436"}],"collection":[{"href":"https:\/\/www.duerp.com\/en\/wp-json\/wp\/v2\/pages"}],"about":[{"href":"https:\/\/www.duerp.com\/en\/wp-json\/wp\/v2\/types\/page"}],"author":[{"embeddable":true,"href":"https:\/\/www.duerp.com\/en\/wp-json\/wp\/v2\/users\/1"}],"replies":[{"embeddable":true,"href":"https:\/\/www.duerp.com\/en\/wp-json\/wp\/v2\/comments?post=1436"}],"version-history":[{"count":2,"href":"https:\/\/www.duerp.com\/en\/wp-json\/wp\/v2\/pages\/1436\/revisions"}],"predecessor-version":[{"id":2957,"href":"https:\/\/www.duerp.com\/en\/wp-json\/wp\/v2\/pages\/1436\/revisions\/2957"}],"wp:attachment":[{"href":"https:\/\/www.duerp.com\/en\/wp-json\/wp\/v2\/media?parent=1436"}],"curies":[{"name":"wp","href":"https:\/\/api.w.org\/{rel}","templated":true}]}}

(Français) A quoi sert le programme annuel de prévention des risques professionnels ?

<p class="qtranxs-available-languages-message qtranxs-available-languages-message-en">Sorry, this entry is only available in <a href="https://www.duerp.com/fr/wp-json/wp/v2/pages/1436" class="qtranxs-available-language-link qtranxs-available-language-link-fr" title="Français">French</a>. For the sake of viewer convenience, the content is shown below in the alternative language. You may click the link to switch the active language.</p><p><strong>Question </strong>: A quoi sert le programme annuel de prévention des risques professionnels ou PAPRIPACT ?</p>
<p><strong>Réponse</strong> : Le document unique doit notamment contribuer à l’élaboration du plan d&#8217;action ou du programme annuel de prévention des risques professionnels et d’amélioration des conditions de travail, lequel fixe la liste détaillée des mesures à prendre au cours de l’année à venir en matière de protection des salariés et d’amélioration des conditions de travail (mise en œuvre de formations, changement d’équipement…).</p>
<p>Ce programme, ainsi que le rapport écrit sur le bilan de la situation générale en matière d’hygiène, de sécurité et des conditions de travail et concernant les actions menées au cours de l’année écoulée, est présenté au moins une fois par an au CSE.</p>
<p><strong>Rappel </strong><b>réglementaire</b> : la loi du 2 août 2021 qui réforme la santé et la sécurité au travail en France a renforcer le document unique pour les entreprises de moins de 50 salariés (plan d&#8217;action de prévention obligatoire) et les entreprises d&#8217;au moins 50 salariés (programme annuel de prévention). La mise en application de cette loi est fixée en date du 31 mars 2022 par décret.</p>
<p>&nbsp;</p>
<p>&nbsp;</p>

<p>Sorry, this entry is only available in French. For the sake of viewer convenience, the content is shown below in the alternative language. You may click the link to switch the active language.Question : A quoi sert le programme annuel de prévention des risques professionnels ou PAPRIPACT ? Réponse : Le document unique doit notamment&hellip;</p>
