{"id":1458,"date":"2016-06-10T15:36:36","date_gmt":"2016-06-10T13:36:36","guid":{"rendered":"http:\/\/duerp.com\/?page_id=1458"},"modified":"2016-06-10T15:36:36","modified_gmt":"2016-06-10T13:36:36","slug":"quelles-sont-les-implications-des-mesures-de-prevention","status":"publish","type":"page","link":"https:\/\/www.duerp.com\/en\/quelles-sont-les-implications-des-mesures-de-prevention\/","title":{"rendered":"(Fran\u00e7ais) Quelles sont les implications des mesures de pr\u00e9vention ?"},"content":{"rendered":"<p class=\"qtranxs-available-languages-message qtranxs-available-languages-message-en\">Sorry, this entry is only available in <a href=\"https:\/\/www.duerp.com\/fr\/wp-json\/wp\/v2\/pages\/1458\" class=\"qtranxs-available-language-link qtranxs-available-language-link-fr\" title=\"Fran\u00e7ais\">French<\/a>. For the sake of viewer convenience, the content is shown below in the alternative language. You may click the link to switch the active language.<\/p><p><strong>Question<\/strong> : Quelles sont les implications des mesures de pr\u00e9vention ?<\/p>\n<p><strong>R\u00e9ponse <\/strong>: Les mesures de pr\u00e9vention impliquent :<\/p>\n<ul>\n<li>l\u2019organisation d\u2019actions de pr\u00e9vention des risques professionnels et de la p\u00e9nibilit\u00e9 au travail, d\u2019information et de formation ;<\/li>\n<li>la mise en place d\u2019une organisation et de moyens adapt\u00e9s ;<\/li>\n<li>la prise en compte des changements susceptibles d\u2019intervenir (nouveaux produits, nouveaux rythmes de travail\u2026) ;<\/li>\n<li>l\u2019am\u00e9lioration des situations existantes.<\/li>\n<li>La responsabilit\u00e9 p\u00e9nale et\/ou civile de l\u2019employeur peut \u00eatre engag\u00e9e en cas de manquements \u00e0 ses obligations en mati\u00e8re d\u2019hygi\u00e8ne et de s\u00e9curit\u00e9.<\/li>\n<\/ul>\n<p>Dans les \u00e9tablissements comprenant au moins une installation nucl\u00e9aire de base ou une ou des installations particuli\u00e8res \u00e0 haut risque industriel &#8211; entreprises class\u00e9es \u00ab Seveso seuil haut \u00bb et celles de stockage souterrain de gaz naturel, hydrocarbures ou produits chimiques &#8211; la pr\u00e9vention des risques li\u00e9s aux interventions d\u2019entreprises sous-traitantes et les moyens du CHSCT sont renforc\u00e9s.<\/p>","protected":false},"excerpt":{"rendered":"<p>Sorry, this entry is only available in French. For the sake of viewer convenience, the content is shown below in the alternative language. You may click the link to switch the active language.Question : Quelles sont les implications des mesures de pr\u00e9vention ? R\u00e9ponse : Les mesures de pr\u00e9vention impliquent : l\u2019organisation d\u2019actions de pr\u00e9vention&hellip;<\/p>\n","protected":false},"author":1,"featured_media":0,"parent":0,"menu_order":0,"comment_status":"closed","ping_status":"closed","template":"","meta":[],"_links":{"self":[{"href":"https:\/\/www.duerp.com\/en\/wp-json\/wp\/v2\/pages\/1458"}],"collection":[{"href":"https:\/\/www.duerp.com\/en\/wp-json\/wp\/v2\/pages"}],"about":[{"href":"https:\/\/www.duerp.com\/en\/wp-json\/wp\/v2\/types\/page"}],"author":[{"embeddable":true,"href":"https:\/\/www.duerp.com\/en\/wp-json\/wp\/v2\/users\/1"}],"replies":[{"embeddable":true,"href":"https:\/\/www.duerp.com\/en\/wp-json\/wp\/v2\/comments?post=1458"}],"version-history":[{"count":1,"href":"https:\/\/www.duerp.com\/en\/wp-json\/wp\/v2\/pages\/1458\/revisions"}],"predecessor-version":[{"id":1460,"href":"https:\/\/www.duerp.com\/en\/wp-json\/wp\/v2\/pages\/1458\/revisions\/1460"}],"wp:attachment":[{"href":"https:\/\/www.duerp.com\/en\/wp-json\/wp\/v2\/media?parent=1458"}],"curies":[{"name":"wp","href":"https:\/\/api.w.org\/{rel}","templated":true}]}}

(Français) Quelles sont les implications des mesures de prévention ?

<p class="qtranxs-available-languages-message qtranxs-available-languages-message-en">Sorry, this entry is only available in <a href="https://www.duerp.com/fr/wp-json/wp/v2/pages/1458" class="qtranxs-available-language-link qtranxs-available-language-link-fr" title="Français">French</a>. For the sake of viewer convenience, the content is shown below in the alternative language. You may click the link to switch the active language.</p><p><strong>Question</strong> : Quelles sont les implications des mesures de prévention ?</p>
<p><strong>Réponse </strong>: Les mesures de prévention impliquent :</p>
<ul>
<li>l’organisation d’actions de prévention des risques professionnels et de la pénibilité au travail, d’information et de formation ;</li>
<li>la mise en place d’une organisation et de moyens adaptés ;</li>
<li>la prise en compte des changements susceptibles d’intervenir (nouveaux produits, nouveaux rythmes de travail…) ;</li>
<li>l’amélioration des situations existantes.</li>
<li>La responsabilité pénale et/ou civile de l’employeur peut être engagée en cas de manquements à ses obligations en matière d’hygiène et de sécurité.</li>
</ul>
<p>Dans les établissements comprenant au moins une installation nucléaire de base ou une ou des installations particulières à haut risque industriel &#8211; entreprises classées « Seveso seuil haut » et celles de stockage souterrain de gaz naturel, hydrocarbures ou produits chimiques &#8211; la prévention des risques liés aux interventions d’entreprises sous-traitantes et les moyens du CHSCT sont renforcés.</p>

<p>Sorry, this entry is only available in French. For the sake of viewer convenience, the content is shown below in the alternative language. You may click the link to switch the active language.Question : Quelles sont les implications des mesures de prévention ? Réponse : Les mesures de prévention impliquent : l’organisation d’actions de prévention&hellip;</p>
