{"id":1487,"date":"2016-06-10T16:09:50","date_gmt":"2016-06-10T14:09:50","guid":{"rendered":"http:\/\/duerp.com\/?page_id=1487"},"modified":"2016-06-10T16:09:50","modified_gmt":"2016-06-10T14:09:50","slug":"existe-til-un-modele-officiel","status":"publish","type":"page","link":"https:\/\/www.duerp.com\/en\/existe-til-un-modele-officiel\/","title":{"rendered":"(Fran\u00e7ais) Existe-t&#8217;il un mod\u00e8le officiel ?"},"content":{"rendered":"<p class=\"qtranxs-available-languages-message qtranxs-available-languages-message-en\">Sorry, this entry is only available in <a href=\"https:\/\/www.duerp.com\/fr\/wp-json\/wp\/v2\/pages\/1487\" class=\"qtranxs-available-language-link qtranxs-available-language-link-fr\" title=\"Fran\u00e7ais\">French<\/a>. For the sake of viewer convenience, the content is shown below in the alternative language. You may click the link to switch the active language.<\/p><p><strong>Question<\/strong>: Existe-t&#8217;il un mod\u00e8le officiel ?<\/p>\n<p><strong>R\u00e9ponse <\/strong>:Le code du travail n\u2019impose aucun format sp\u00e9cifique de document unique d\u2019\u00e9valuation des risques professionnels, que se soit sur le fond ou sur la forme. Seules des exigences en termes de coh\u00e9rence, visibilit\u00e9, et tra\u00e7abilit\u00e9 des moyens de pr\u00e9ventions sont demand\u00e9es.<\/p>\n<p>DUERP \u00ae a \u00e9t\u00e9 d\u00e9velopp\u00e9 en ce sens et vous permet de cr\u00e9er votre Document Unique de fa\u00e7on th\u00e9matique en accord avec les demandes institutionnelles, de planifier vos moyens de pr\u00e9vention \u00e0 engager, et d\u2019\u00eatre alerter en cas de retard sur ces derniers.<\/p>","protected":false},"excerpt":{"rendered":"<p>Sorry, this entry is only available in French. For the sake of viewer convenience, the content is shown below in the alternative language. You may click the link to switch the active language.Question: Existe-t&#8217;il un mod\u00e8le officiel ? R\u00e9ponse :Le code du travail n\u2019impose aucun format sp\u00e9cifique de document unique d\u2019\u00e9valuation des risques professionnels, que&hellip;<\/p>\n","protected":false},"author":1,"featured_media":0,"parent":0,"menu_order":0,"comment_status":"closed","ping_status":"closed","template":"","meta":[],"_links":{"self":[{"href":"https:\/\/www.duerp.com\/en\/wp-json\/wp\/v2\/pages\/1487"}],"collection":[{"href":"https:\/\/www.duerp.com\/en\/wp-json\/wp\/v2\/pages"}],"about":[{"href":"https:\/\/www.duerp.com\/en\/wp-json\/wp\/v2\/types\/page"}],"author":[{"embeddable":true,"href":"https:\/\/www.duerp.com\/en\/wp-json\/wp\/v2\/users\/1"}],"replies":[{"embeddable":true,"href":"https:\/\/www.duerp.com\/en\/wp-json\/wp\/v2\/comments?post=1487"}],"version-history":[{"count":1,"href":"https:\/\/www.duerp.com\/en\/wp-json\/wp\/v2\/pages\/1487\/revisions"}],"predecessor-version":[{"id":1489,"href":"https:\/\/www.duerp.com\/en\/wp-json\/wp\/v2\/pages\/1487\/revisions\/1489"}],"wp:attachment":[{"href":"https:\/\/www.duerp.com\/en\/wp-json\/wp\/v2\/media?parent=1487"}],"curies":[{"name":"wp","href":"https:\/\/api.w.org\/{rel}","templated":true}]}}

(Français) Existe-t&#8217;il un modèle officiel ?

<p class="qtranxs-available-languages-message qtranxs-available-languages-message-en">Sorry, this entry is only available in <a href="https://www.duerp.com/fr/wp-json/wp/v2/pages/1487" class="qtranxs-available-language-link qtranxs-available-language-link-fr" title="Français">French</a>. For the sake of viewer convenience, the content is shown below in the alternative language. You may click the link to switch the active language.</p><p><strong>Question</strong>: Existe-t&#8217;il un modèle officiel ?</p>
<p><strong>Réponse </strong>:Le code du travail n’impose aucun format spécifique de document unique d’évaluation des risques professionnels, que se soit sur le fond ou sur la forme. Seules des exigences en termes de cohérence, visibilité, et traçabilité des moyens de préventions sont demandées.</p>
<p>DUERP ® a été développé en ce sens et vous permet de créer votre Document Unique de façon thématique en accord avec les demandes institutionnelles, de planifier vos moyens de prévention à engager, et d’être alerter en cas de retard sur ces derniers.</p>

<p>Sorry, this entry is only available in French. For the sake of viewer convenience, the content is shown below in the alternative language. You may click the link to switch the active language.Question: Existe-t&#8217;il un modèle officiel ? Réponse :Le code du travail n’impose aucun format spécifique de document unique d’évaluation des risques professionnels, que&hellip;</p>
